e?
True
Suppose 4*k + 1368881 = 5*j, -j - 3*k = -92486 - 181275. Is j composite?
False
Suppose r + 2*y = 22 + 10, -y = -4*r + 110. Is (6626277/r)/17 - 1/(-4) prime?
True
Suppose 0 = 2*d + 3*b + 32571, -5*d + 5*b = -d + 65153. Let y = -7820 - d. Is y composite?
False
Suppose -q = 5*r - 215803, -5*q + 0*q = -15. Let i = 60685 - r. Suppose -15*z + 10*z + i = 0. Is z prime?
False
Let l = -33 - 490. Let o = 1110 + l. Is o composite?
False
Let k = -3268 + -372. Let l = k - -5318. Is l a prime number?
False
Suppose 167*n - 206800 = 201*n - 1363446. Is n prime?
True
Let l be (-143)/(-7) + 39/(-91). Suppose l*y + 10803 = 62983. Is y composite?
False
Let q(v) = -221*v**3 - 5*v**2 + 16*v + 21. Let n(w) = 219*w**3 + 5*w**2 - 16*w - 21. Let y(x) = 2*n(x) + 3*q(x). Is y(-5) composite?
False
Let f = 7974 + 130117. Is f a prime number?
False
Suppose 3*h - 10 = 8*h. Let m be h/((-412)/(-832) + 2/(-4)). Let d = m - 205. Is d composite?
False
Let f = -34 + 491. Let w = 143 - f. Let q = w + 1209. Is q prime?
False
Let u be (-226444)/(-28) + 6/(-21). Let r = u + -2272. Is r a composite number?
True
Suppose 18*l - 2338131 - 279447 = 0. Is l composite?
True
Suppose 0 = -4*t + 5*t - 1. Let d(m) = 40*m - t + 9*m + 0. Is d(12) a composite number?
False
Suppose 0 = -5*b + 2*q + 88, -2*b + q - 28 = -4*b. Suppose -i + 33 = -b. Suppose -45*n - 2172 = -i*n. Is n a prime number?
False
Let k be 32/18 - (-22)/99 - -7. Let d be ((-8)/(-18) - 0)/(2/k). Suppose -3*u - o = o - 2767, -4*u + d*o = -3666. Is u a composite number?
False
Suppose 58*k - 114*k + 260655 = -53*k. Is k a prime number?
False
Suppose -70 = -9*u + 2*u. Let q = 2 + u. Is -5 + 217/42 + 13954/q composite?
False
Let j(m) = -8*m - 3. Let b be j(-3). Suppose 16*s = b*s + 25. Let o(p) = 51*p**2 + 2*p + 12. Is o(s) a composite number?
False
Let f be 2/3*(-112 + 4) - 0. Let m be f/60*(-5)/2. Is m/(-2*(-12)/2216) a prime number?
True
Let v(f) = f + 8. Suppose -4*z + 36 = s, -4*s + 5 = 21. Let m be v(z). Suppose 0 = -m*y + 49786 + 46208. Is y prime?
True
Suppose 17*c = c - 2*c. Suppose -2*n + 18421 = 2*s + 6427, c = 2*n + 5*s - 11991. Is n prime?
False
Let o(v) = 102*v**2 - v - 8. Is o(-9) a prime number?
True
Let i = 53 - 50. Suppose -3*n + 0*l - 3*l = -9, -i*n + 5 = -l. Suppose -k - 2*k = -n*y + 2240, -1115 = -y - k. Is y composite?
False
Suppose 10 = -3*l + 3*p - 7*p, 0 = 5*l - 4*p - 26. Suppose 115039 = 5*b + l*z + 428, 0 = b - z - 22918. Is b a prime number?
True
Let y = 372305 + 35684. Is y a prime number?
False
Suppose -j + 1 = -4*s, 3*j + 0*j + 17 = 2*s. Let q be (-28)/98 - 898/j. Is q*4 + (0 + 1 - -2) a prime number?
False
Let g(u) = -14*u**3 + 4*u**2 + 5*u - 6. Let n be ((-4)/(-6))/(32/(-144)). Let y be g(n). Is y - -2 - -3 - -3 a composite number?
False
Suppose 0 = 4*w - 5*w - 4945. Let v = w - -9696. Is v composite?
False
Let j = -106 + 158. Let m be j/(-8)*2*-643*1. Suppose 5*h - 24504 = -m. Is h composite?
False
Is (-4)/7 - 8533627/(-203) a composite number?
True
Let s = -73513 - -308604. Is s prime?
True
Suppose -2*m + 40782 = -4*n, 3*m - 41640 = -3*n + 19569. Is m composite?
False
Let t(r) = -31*r**3 + 2*r**2 + r + 7. Let m be t(-6). Let z = -3035 + m. Is z prime?
False
Let v = 362433 + -171664. Is v a prime number?
True
Suppose -g - 4*x + 6848 = 0, x - 27371 = -4*g + 6*x. Suppose -n + g = 3*n. Is n composite?
True
Let x = -1048645 - -1884107. Is x composite?
True
Let o be 62/12 + (-210)/(-36) + -6. Suppose 10*s = o*s - 5*y + 10, 4*s + 2*y - 8 = 0. Suppose -s*f - f = -942. Is f composite?
True
Let z = 9252 - -85051. Is z a composite number?
True
Suppose 0 = -11*i + 16*i - 45. Suppose r - 191 = 5*a, -i*a + 13*a = -3*r + 649. Is r prime?
True
Suppose -3*i + 2*i - 3*j = -9983, 0 = 3*i - 5*j - 29907. Let o = i - 2935. Is o a prime number?
True
Let q(p) = -p**3 - 6*p**2 + 2*p + 41. Let z be q(-6). Suppose -160083 = -z*w + 13366. Is w prime?
True
Let m(w) = -274*w**2 + 2*w - 1. Let n be m(1). Let b = 963 - n. Suppose -5*k = -394 - b. Is k composite?
True
Let z(k) = 17*k**2 - 30*k + 11*k**2 - k**3 + 17*k + 2 - 37*k + 2. Is z(25) a prime number?
False
Suppose 3*x - x = -2. Let m(r) = r**3 + 99*r**2 + 101*r + 292. Let d be m(-98). Is ((2637 - -1)/x)/d prime?
True
Suppose -2*q + 4*l = -10, 3*q - 5*l + 10*l - 26 = 0. Let b be ((q - 1) + -3)/((-1)/8). Is 5350/12 - 4/b prime?
False
Let r be 108/14 + 5/((-105)/(-6)). Suppose 0 = r*z - 6157 - 1083. Let s = 594 + z. Is s a prime number?
True
Suppose 2*j + 32741 - 101214 = j. Is j a prime number?
True
Let j be (-2)/7 - (-3)/(21/(-341)). Let i = j + 51. Suppose d = i*w + 2*d - 439, 218 = w - d. Is w a prime number?
False
Let u = -14762 + 232585. Is u a composite number?
False
Let j(y) = 143*y**2 + 11*y - 77. Let w be j(7). Let i = -4428 + w. Is i a composite number?
False
Is 116998 + 494/(-26) + 10 composite?
False
Let z(x) = x**3 + 28*x**2 - 61*x - 26. Let d be z(-30). Suppose -3*h + 61005 = -h + u, d*u = h - 30525. Is h a composite number?
True
Suppose 0 = 4*r - b - 1024692, -57*r + 60*r = 5*b + 768553. Is r composite?
True
Suppose 0 = 13*i + 4 + 22. Let m(q) = -q**3 + q**2 - 5. Let u be m(i). Is (10/8)/(u/17668) composite?
True
Suppose 4*r - 984 = -3*y - y, r + 1212 = 5*y. Suppose 230*n = y*n - 2743. Is n a composite number?
False
Let s = -2834 - -11018. Suppose 4*v - 5*u = 6543, u + s = 3*v + 2*v. Is v a composite number?
False
Is 28586/(-1)*21/70*-5 prime?
False
Let g(b) = 8654*b**2 + 142*b - 17. Is g(5) prime?
False
Let b(h) be the first derivative of h**4/4 + 8*h**3 - 25*h**2/2 + 59*h - 50. Is b(-25) a prime number?
True
Let i = -45 - -174. Suppose -188 = c + i. Let v = -10 - c. Is v a composite number?
False
Suppose -16310 = -2*n - 4*l, 4*l - 12952 = -3*n + 11505. Is n composite?
False
Suppose 2*x = 2, -6*z - 2*x + 11678 = -2*z. Is 3 + z*(-12)/(-18) a composite number?
False
Let u(a) be the third derivative of -a**7/840 - a**6/90 - 7*a**5/120 - 7*a**4/24 + a**3 - 4*a**2. Let z(q) be the first derivative of u(q). Is z(-5) composite?
False
Suppose 4 - 16 = -3*v. Let p be 13 + -2 + -6 + v. Is (-2*p/(-12))/(12/848) composite?
True
Let p(w) = -9*w**3 - 8*w**2 - 10*w + 69. Let l be p(-10). Let f = l + 11788. Is f composite?
True
Let q(c) = -43*c - 3. Let h(o) be the second derivative of 7*o**3/2 + o**2 + 12*o. Let g(j) = 5*h(j) + 3*q(j). Is g(-6) a composite number?
True
Suppose -c + 1038471 = 3*y, -3*y - 5*c = -1366911 + 328464. Is y a composite number?
True
Suppose 12*t - 145505 = -11*t + 18*t. Is t composite?
False
Suppose -84*d + 87*d = 0. Suppose 2*a - 902 = -d*a. Is a a prime number?
False
Let b(f) = -133*f**2 - 3*f + 4. Let d be b(1). Is d/3*(-1)/(24/1266) a prime number?
False
Let h be -4 + -1 - 99/(-11). Suppose 2*g = -h*j + 538, -8*g - 2*j = -4*g - 1064. Is g prime?
False
Let i(x) = -23*x - 1. Let f be i(2). Let v = 49 + f. Suppose 2*g - v = 114. Is g a composite number?
True
Let f(q) = -3*q**2 + 20*q - 41. Let j(t) = 7*t**2 - 39*t + 81. Let o(l) = -5*f(l) - 2*j(l). Let m be o(20). Is ((-356)/8)/(m - 7/2) a composite number?
False
Is (2/8)/(68546509/(-8568316) + 8) prime?
True
Let c(t) = 4037*t - 1614. Is c(11) a composite number?
False
Let z(x) = x**3 - 6*x**2 + x - 5. Let v be z(6). Let k(o) = 157*o - 157*o + 1 + 0 - 3*o**2 + o**2 + 2150*o**3. Is k(v) a composite number?
True
Suppose 23*q - 5*q - 36 = 0. Suppose -5*o = 3*n - 13196, o = -q*n - 5701 + 14496. Is n a prime number?
True
Let d(a) = 15*a**2 - 47*a + 269. Is d(8) prime?
True
Let q = 99683 + -292073. Let f be 2/4 - (q/(-12) - -3). Is (-1)/(3*5/f) prime?
True
Suppose 0 = -4*c + c, c = -2*o - 24. Let k be 1*(2 + -1) + o. Is (-7115)/k - 42/(-231) a prime number?
True
Let t(h) = -64*h**3 + 29*h**2 - 79*h + 5. Is t(-9) a composite number?
True
Let i = 178 + -176. Suppose -55 = -i*a + 459. Is a prime?
True
Let t(n) = 5091*n + 1409. Is t(32) composite?
False
Let n be ((-2)/10 + 95/(-25))*-10. Suppose n = -0*c - 8*c. Let w(r) = 14*r**2 + 5*r + 10. Is w(c) composite?
True
Suppose 594*x + 2893970 = 604*x. Is x a composite number?
False
Let g(b) = b**2 + 14*b + 21. Let k be g(-17). Is k/48*(24294/9 + 0) composite?
False
Suppose -75*y + 38*y + 43*y - 1861170 = 0. Is y composite?
True
Is 83496 + 806/26 - 4*2 composite?
True
Let d(g) be the first derivative of g**6/120 + g**5/20 + 7*g**4/24 + 7*g**3/6 - 7*g**2